CRAN Package Check Results for Package dfoliatR

Last updated on 2020-08-07 15:48:39 CEST.

Flavor Version Tinstall Tcheck Ttotal Status Flags
r-devel-linux-x86_64-debian-clang 0.1.0 5.99 66.58 72.57 OK
r-devel-linux-x86_64-debian-gcc 0.1.0 4.77 50.17 54.94 OK
r-devel-linux-x86_64-fedora-clang 0.1.0 94.48 NOTE
r-devel-linux-x86_64-fedora-gcc 0.1.0 83.14 NOTE
r-devel-windows-ix86+x86_64 0.1.0 21.00 119.00 140.00 OK
r-patched-linux-x86_64 0.1.0 5.55 63.44 68.99 OK
r-patched-solaris-x86 0.1.0 121.50 NOTE
r-release-linux-x86_64 0.1.0 5.77 64.44 70.21 OK
r-release-macos-x86_64 0.1.0 NOTE
r-release-windows-ix86+x86_64 0.1.0 22.00 82.00 104.00 OK
r-oldrel-macos-x86_64 0.1.0 NOTE
r-oldrel-windows-ix86+x86_64 0.1.0 8.00 79.00 87.00 OK

Check Details

Version: 0.1.0
Check: dependencies in R code
Result: NOTE
    Namespace in Imports field not imported from: ‘MASS’
     All declared Imports should be used.
Flavors: r-devel-linux-x86_64-fedora-clang, r-devel-linux-x86_64-fedora-gcc, r-patched-solaris-x86, r-release-macos-x86_64, r-oldrel-macos-x86_64