CRAN Package Check Results for Package dextergui

Last updated on 2020-08-14 03:47:40 CEST.

Flavor Version Tinstall Tcheck Ttotal Status Flags
r-devel-linux-x86_64-debian-clang 0.2.2 0.59 2.60 3.19 ERROR
r-devel-linux-x86_64-debian-gcc 0.2.2 13.25 65.50 78.75 OK
r-devel-linux-x86_64-fedora-clang 0.2.2 128.60 NOTE
r-devel-linux-x86_64-fedora-gcc 0.2.2 118.70 OK
r-devel-windows-ix86+x86_64 0.2.2 43.00 109.00 152.00 OK
r-patched-linux-x86_64 0.2.2 13.62 83.24 96.86 OK
r-patched-solaris-x86 0.2.2 172.00 OK
r-release-linux-x86_64 0.2.2 14.03 84.19 98.22 OK
r-release-macos-x86_64 0.2.2 OK
r-release-windows-ix86+x86_64 0.2.2 42.00 178.00 220.00 OK
r-oldrel-macos-x86_64 0.2.2 OK
r-oldrel-windows-ix86+x86_64 0.2.2 25.00 89.00 114.00 OK

Check Details

Version: 0.2.2
Check: package dependencies
Result: ERROR
    Packages required but not available: 'dexter', 'tidyr'
    
    See section 'The DESCRIPTION file' in the 'Writing R Extensions'
    manual.
Flavor: r-devel-linux-x86_64-debian-clang

Version: 0.2.2
Check: package dependencies
Result: NOTE
    Imports includes 22 non-default packages.
    Importing from so many packages makes the package vulnerable to any of
    them becoming unavailable. Move as many as possible to Suggests and
    use conditionally.
Flavor: r-devel-linux-x86_64-fedora-clang