CRAN Package Check Results for Package detourr

Last updated on 2024-06-15 16:49:01 CEST.

Flavor Version Tinstall Tcheck Ttotal Status Flags
r-devel-linux-x86_64-debian-clang 0.1.0 7.55 49.92 57.47 NOTE
r-devel-linux-x86_64-debian-gcc 0.1.0 4.58 38.36 42.94 NOTE
r-devel-linux-x86_64-fedora-clang 0.1.0 70.97 NOTE
r-devel-linux-x86_64-fedora-gcc 0.1.0 65.67 NOTE
r-devel-windows-x86_64 0.1.0 7.00 63.00 70.00 NOTE
r-patched-linux-x86_64 0.1.0 6.55 49.22 55.77 NOTE
r-release-linux-x86_64 0.1.0 5.17 48.59 53.76 NOTE
r-release-macos-arm64 0.1.0 27.00 NOTE
r-release-macos-x86_64 0.1.0 49.00 NOTE
r-release-windows-x86_64 0.1.0 7.00 64.00 71.00 NOTE
r-oldrel-macos-arm64 0.1.0 27.00 NOTE
r-oldrel-macos-x86_64 0.1.0 40.00 NOTE
r-oldrel-windows-x86_64 0.1.0 11.00 78.00 89.00 NOTE

Check Details

Version: 0.1.0
Check: Rd files
Result: NOTE checkRd: (-1) detour-shiny.Rd:26: Lost braces; missing escapes or markup? 26 | \item{expr}{an expression that generates a {detourr} widget} | ^ checkRd: (-1) show_sage.Rd:80: Lost braces; missing escapes or markup? 80 | supported using {crosstalk}. The set of interactive controls available are: | ^ checkRd: (-1) show_scatter.Rd:67: Lost braces; missing escapes or markup? 67 | supported using {crosstalk}. The set of interactive controls available are: | ^ checkRd: (-1) show_scatter_internal.Rd:65: Lost braces; missing escapes or markup? 65 | supported using {crosstalk}. The set of interactive controls available are: | ^ checkRd: (-1) show_slice.Rd:76: Lost braces; missing escapes or markup? 76 | supported using {crosstalk}. The set of interactive controls available are: | ^ checkRd: (-1) tour_aes.Rd:11: Lost braces; missing escapes or markup? 11 | Variables are evaluated using {tidyselect} syntax.} | ^ Flavors: r-devel-linux-x86_64-debian-clang, r-devel-linux-x86_64-debian-gcc, r-devel-linux-x86_64-fedora-clang, r-devel-linux-x86_64-fedora-gcc, r-devel-windows-x86_64, r-patched-linux-x86_64, r-release-linux-x86_64, r-release-macos-arm64, r-release-macos-x86_64, r-release-windows-x86_64

Version: 0.1.0
Check: installed package size
Result: NOTE installed size is 5.6Mb sub-directories of 1Mb or more: data 1.8Mb htmlwidgets 3.7Mb Flavors: r-devel-linux-x86_64-fedora-clang, r-devel-windows-x86_64, r-release-macos-arm64, r-release-macos-x86_64, r-release-windows-x86_64, r-oldrel-macos-arm64, r-oldrel-macos-x86_64, r-oldrel-windows-x86_64