CRAN Package Check Results for Package denoiseR

Last updated on 2024-03-02 16:54:43 CET.

Flavor Version Tinstall Tcheck Ttotal Status Flags
r-devel-linux-x86_64-debian-clang 1.0.2 9.85 102.89 112.74 OK
r-devel-linux-x86_64-debian-gcc 1.0.2 9.18 77.42 86.60 OK
r-devel-linux-x86_64-fedora-clang 1.0.2 142.08 OK
r-devel-linux-x86_64-fedora-gcc 1.0.2 153.60 OK
r-devel-windows-x86_64 1.0.2 12.00 91.00 103.00 OK
r-patched-linux-x86_64 1.0.2 15.55 100.39 115.94 OK
r-release-linux-x86_64 1.0.2 8.14 100.48 108.62 OK
r-release-macos-arm64 1.0.2 46.00 OK
r-release-macos-x86_64 1.0.2 71.00 NOTE
r-release-windows-x86_64 1.0.2 16.00 105.00 121.00 OK
r-oldrel-macos-arm64 1.0.2 42.00 OK
r-oldrel-windows-x86_64 1.0.2 16.00 113.00 129.00 OK

Check Details

Version: 1.0.2
Check: package dependencies
Result: NOTE Package suggested but not available for checking: ‘missMDA’ Flavor: r-release-macos-x86_64