Last updated on 2023-12-10 16:51:10 CET.
Flavor | Version | Tinstall | Tcheck | Ttotal | Status | Flags |
---|---|---|---|---|---|---|
r-devel-linux-x86_64-debian-clang | 3.1.1 | 64.75 | 421.37 | 486.12 | NOTE | |
r-devel-linux-x86_64-debian-gcc | 3.1.1 | 49.74 | 304.15 | 353.89 | NOTE | |
r-devel-linux-x86_64-fedora-clang | 3.1.1 | 670.23 | NOTE | |||
r-devel-linux-x86_64-fedora-gcc | 3.1.1 | 626.10 | NOTE | |||
r-devel-windows-x86_64 | 3.1.1 | 59.00 | 348.00 | 407.00 | NOTE | |
r-patched-linux-x86_64 | 3.1.1 | 53.35 | 410.78 | 464.13 | NOTE | |
r-release-linux-x86_64 | 3.1.1 | 46.77 | 403.09 | 449.86 | NOTE | |
r-release-macos-arm64 | 3.1.1 | 150.00 | NOTE | |||
r-release-macos-x86_64 | 3.1.1 | 256.00 | NOTE | |||
r-release-windows-x86_64 | 3.1.1 | 76.00 | 412.00 | 488.00 | NOTE | |
r-oldrel-macos-arm64 | 3.1.1 | 138.00 | OK | |||
r-oldrel-macos-x86_64 | 3.1.1 | 178.00 | OK | |||
r-oldrel-windows-x86_64 | 3.1.1 | 78.00 | 399.00 | 477.00 | OK |
Version: 3.1.1
Check: C++ specification
Result: NOTE
Specified C++11: please drop specification unless essential
Flavors: r-devel-linux-x86_64-debian-clang, r-devel-linux-x86_64-debian-gcc, r-devel-linux-x86_64-fedora-clang, r-devel-linux-x86_64-fedora-gcc, r-devel-windows-x86_64, r-patched-linux-x86_64, r-release-linux-x86_64, r-release-macos-arm64, r-release-macos-x86_64, r-release-windows-x86_64