CRAN Package Check Results for Package deTS

Last updated on 2020-06-02 03:47:46 CEST.

Flavor Version Tinstall Tcheck Ttotal Status Flags
r-devel-linux-x86_64-debian-clang 1.0 3.11 54.70 57.81 OK
r-devel-linux-x86_64-debian-gcc 1.0 2.73 43.57 46.30 OK
r-devel-linux-x86_64-fedora-clang 1.0 80.97 NOTE
r-devel-linux-x86_64-fedora-gcc 1.0 71.30 NOTE
r-devel-windows-ix86+x86_64 1.0 11.00 81.00 92.00 OK
r-patched-linux-x86_64 1.0 3.39 54.63 58.02 OK
r-patched-solaris-x86 1.0 106.80 NOTE
r-release-linux-x86_64 1.0 3.42 54.21 57.63 OK
r-release-osx-x86_64 1.0 NOTE
r-release-windows-ix86+x86_64 1.0 7.00 107.00 114.00 OK
r-oldrel-osx-x86_64 1.0 NOTE
r-oldrel-windows-ix86+x86_64 1.0 6.00 69.00 75.00 OK

Check Details

Version: 1.0
Check: dependencies in R code
Result: NOTE
    Namespace in Imports field not imported from: ‘RColorBrewer’
     All declared Imports should be used.
Flavors: r-devel-linux-x86_64-fedora-clang, r-devel-linux-x86_64-fedora-gcc, r-patched-solaris-x86, r-release-osx-x86_64, r-oldrel-osx-x86_64

Version: 1.0
Check: installed package size
Result: NOTE
     installed size is 5.1Mb
     sub-directories of 1Mb or more:
     data 5.0Mb
Flavor: r-patched-solaris-x86