CRAN Package Check Results for Package ddtlcm

Last updated on 2024-04-17 04:59:27 CEST.

Flavor Version Tinstall Tcheck Ttotal Status Flags
r-devel-linux-x86_64-debian-clang 0.2.1 23.54 339.83 363.37 OK
r-devel-linux-x86_64-debian-gcc 0.2.1 20.19 242.42 262.61 OK
r-devel-linux-x86_64-fedora-clang 0.2.1 438.05 NOTE
r-devel-linux-x86_64-fedora-gcc 0.2.1 454.86 OK
r-prerel-macos-arm64 0.2.1 118.00 NOTE
r-prerel-macos-x86_64 0.2.1 193.00 NOTE
r-prerel-windows-x86_64 0.2.1 21.00 263.00 284.00 NOTE
r-patched-linux-x86_64 0.2.1 23.07 316.35 339.42 OK
r-release-linux-x86_64 0.2.1 19.71 322.46 342.17 OK
r-release-macos-arm64 0.2.1 117.00 NOTE
r-release-macos-x86_64 0.2.1 200.00 NOTE
r-release-windows-x86_64 0.2.1 29.00 339.00 368.00 NOTE
r-oldrel-macos-arm64 0.1.1 10.00 ERROR
r-oldrel-windows-x86_64 0.1.1 27.00 274.00 301.00 OK

Check Details

Version: 0.2.1
Check: installed package size
Result: NOTE installed size is 5.4Mb sub-directories of 1Mb or more: data 4.2Mb Flavors: r-devel-linux-x86_64-fedora-clang, r-prerel-macos-arm64, r-prerel-macos-x86_64, r-prerel-windows-x86_64, r-release-macos-arm64, r-release-macos-x86_64, r-release-windows-x86_64

Version: 0.1.1
Check: package dependencies
Result: ERROR Package required and available but unsuitable version: ‘ggtree’ See section ‘The DESCRIPTION file’ in the ‘Writing R Extensions’ manual. Flavor: r-oldrel-macos-arm64