CRAN Package Check Results for Package ddpcr

Last updated on 2020-08-10 06:47:23 CEST.

Flavor Version Tinstall Tcheck Ttotal Status Flags
r-devel-linux-x86_64-debian-clang 1.15 8.70 134.30 143.00 OK
r-devel-linux-x86_64-debian-gcc 1.15 6.06 100.07 106.13 OK
r-devel-linux-x86_64-fedora-clang 1.15 173.50 OK
r-devel-linux-x86_64-fedora-gcc 1.15 165.71 OK
r-devel-windows-ix86+x86_64 1.15 16.00 208.00 224.00 OK
r-patched-linux-x86_64 1.15 7.22 131.05 138.27 OK
r-patched-solaris-x86 1.15 240.80 NOTE
r-release-linux-x86_64 1.15 6.11 130.17 136.28 OK
r-release-macos-x86_64 1.15 OK
r-release-windows-ix86+x86_64 1.15 30.00 229.00 259.00 OK
r-oldrel-macos-x86_64 1.15 OK
r-oldrel-windows-ix86+x86_64 1.15 13.00 158.00 171.00 OK

Check Details

Version: 1.15
Check: installed package size
Result: NOTE
     installed size is 5.7Mb
     sub-directories of 1Mb or more:
     sample_data 3.6Mb
Flavor: r-patched-solaris-x86