CRAN Package Check Results for Package ddiv

Last updated on 2020-10-26 03:48:21 CET.

Flavor Version Tinstall Tcheck Ttotal Status Flags
r-devel-linux-x86_64-debian-clang 0.1.0 3.07 46.10 49.17 OK
r-devel-linux-x86_64-debian-gcc 0.1.0 2.14 34.98 37.12 OK
r-devel-linux-x86_64-fedora-clang 0.1.0 67.50 NOTE
r-devel-linux-x86_64-fedora-gcc 0.1.0 59.60 NOTE
r-devel-windows-ix86+x86_64 0.1.0 7.00 64.00 71.00 OK
r-patched-linux-x86_64 0.1.0 2.51 44.41 46.92 OK
r-patched-solaris-x86 0.1.0 74.90 NOTE
r-release-linux-x86_64 0.1.0 2.51 44.65 47.16 OK
r-release-macos-x86_64 0.1.0 NOTE
r-release-windows-ix86+x86_64 0.1.0 5.00 50.00 55.00 OK
r-oldrel-macos-x86_64 0.1.0 NOTE
r-oldrel-windows-ix86+x86_64 0.1.0 4.00 62.00 66.00 OK

Check Details

Version: 0.1.0
Check: dependencies in R code
Result: NOTE
    Namespace in Imports field not imported from: ‘MASS’
     All declared Imports should be used.
Flavors: r-devel-linux-x86_64-fedora-clang, r-devel-linux-x86_64-fedora-gcc, r-patched-solaris-x86, r-release-macos-x86_64, r-oldrel-macos-x86_64