CRAN Package Check Results for Package ddiv

Last updated on 2024-02-28 16:50:31 CET.

Flavor Version Tinstall Tcheck Ttotal Status Flags
r-devel-linux-x86_64-debian-clang 0.1.1 2.49 60.94 63.43 OK
r-devel-linux-x86_64-debian-gcc 0.1.1 2.40 46.23 48.63 OK
r-devel-linux-x86_64-fedora-clang 0.1.1 78.36 NOTE
r-devel-linux-x86_64-fedora-gcc 0.1.1 85.91 NOTE
r-devel-windows-x86_64 0.1.1 4.00 66.00 70.00 OK
r-patched-linux-x86_64 0.1.1 3.94 56.63 60.57 OK
r-release-linux-x86_64 0.1.1 3.54 57.87 61.41 OK
r-release-macos-arm64 0.1.1 38.00 OK
r-release-macos-x86_64 0.1.1 57.00 OK
r-release-windows-x86_64 0.1.1 5.00 70.00 75.00 OK
r-oldrel-macos-arm64 0.1.1 32.00 OK
r-oldrel-windows-x86_64 0.1.1 5.00 73.00 78.00 OK

Check Details

Version: 0.1.1
Check: dependencies in R code
Result: NOTE Namespaces in Imports field not imported from: ‘MASS’ ‘qpdf’ All declared Imports should be used. Flavors: r-devel-linux-x86_64-fedora-clang, r-devel-linux-x86_64-fedora-gcc