Last updated on 2023-12-08 05:02:01 CET.
Flavor | Version | Tinstall | Tcheck | Ttotal | Status | Flags |
---|---|---|---|---|---|---|
r-devel-linux-x86_64-debian-clang | 0.9.0 | 11.21 | 240.34 | 251.55 | OK | |
r-devel-linux-x86_64-debian-gcc | 0.9.0 | 11.76 | 180.46 | 192.22 | OK | |
r-devel-linux-x86_64-fedora-clang | 0.9.0 | 312.32 | NOTE | |||
r-devel-linux-x86_64-fedora-gcc | 0.9.0 | 315.61 | OK | |||
r-devel-windows-x86_64 | 0.9.0 | 13.00 | 190.00 | 203.00 | OK | |
r-patched-linux-x86_64 | 0.9.0 | 19.34 | 233.72 | 253.06 | OK | |
r-release-linux-x86_64 | 0.9.0 | 10.20 | 225.08 | 235.28 | OK | |
r-release-macos-arm64 | 0.9.0 | 106.00 | OK | |||
r-release-macos-x86_64 | 0.9.0 | 232.00 | OK | |||
r-release-windows-x86_64 | 0.9.0 | 16.00 | 226.00 | 242.00 | OK | |
r-oldrel-macos-arm64 | 0.9.0 | 99.00 | OK | |||
r-oldrel-macos-x86_64 | 0.9.0 | 155.00 | OK | |||
r-oldrel-windows-x86_64 | 0.9.0 | 17.00 | 215.00 | 232.00 | OK |
Version: 0.9.0
Check: Rd cross-references
Result: NOTE
Undeclared package ‘performance’ in Rd xrefs
Flavor: r-devel-linux-x86_64-fedora-clang