CRAN Package Check Results for Package datagovsgR

Last updated on 2024-02-25 04:51:03 CET.

Flavor Version Tinstall Tcheck Ttotal Status Flags
r-devel-linux-x86_64-debian-clang 1.0.0 4.62 49.30 53.92 OK
r-devel-linux-x86_64-debian-gcc 1.0.0 3.71 37.40 41.11 OK
r-devel-linux-x86_64-fedora-clang 1.0.0 66.40 NOTE
r-devel-linux-x86_64-fedora-gcc 1.0.0 74.47 NOTE
r-devel-windows-x86_64 1.0.0 6.00 76.00 82.00 OK
r-patched-linux-x86_64 1.0.0 3.73 47.09 50.82 OK
r-release-linux-x86_64 1.0.0 5.14 47.53 52.67 OK
r-release-macos-arm64 1.0.0 42.00 OK
r-release-macos-x86_64 1.0.0 56.00 OK
r-release-windows-x86_64 1.0.0 7.00 82.00 89.00 OK
r-oldrel-macos-arm64 1.0.0 39.00 OK
r-oldrel-windows-x86_64 1.0.0 6.00 130.00 136.00 OK

Check Details

Version: 1.0.0
Check: dependencies in R code
Result: NOTE Namespace in Imports field not imported from: ‘purrr’ All declared Imports should be used. Flavors: r-devel-linux-x86_64-fedora-clang, r-devel-linux-x86_64-fedora-gcc