Last updated on 2023-12-06 07:50:11 CET.
Flavor | Version | Tinstall | Tcheck | Ttotal | Status | Flags |
---|---|---|---|---|---|---|
r-devel-linux-x86_64-debian-clang | 2.9.7 | 90.56 | 765.79 | 856.35 | NOTE | |
r-devel-linux-x86_64-debian-gcc | 2.9.7 | 70.40 | 559.12 | 629.52 | NOTE | |
r-devel-linux-x86_64-fedora-clang | 2.9.7 | 1059.55 | OK | |||
r-devel-linux-x86_64-fedora-gcc | 2.9.7 | 1030.11 | OK | |||
r-devel-windows-x86_64 | 2.9.7 | 73.00 | 579.00 | 652.00 | OK | |
r-patched-linux-x86_64 | 2.9.7 | 88.74 | 737.95 | 826.69 | OK | |
r-release-linux-x86_64 | 2.9.7 | 68.43 | 726.68 | 795.11 | OK | |
r-release-macos-arm64 | 2.9.7 | 250.00 | NOTE | |||
r-release-macos-x86_64 | 2.9.7 | 569.00 | OK | |||
r-release-windows-x86_64 | 2.9.7 | 103.00 | 766.00 | 869.00 | OK | |
r-oldrel-macos-arm64 | 2.9.7 | 250.00 | OK | |||
r-oldrel-macos-x86_64 | 2.9.7 | 318.00 | OK | |||
r-oldrel-windows-x86_64 | 2.9.7 | 102.00 | 723.00 | 825.00 | OK |
Version: 2.9.7
Check: Rd files
Result: NOTE
checkRd: (-1) gl.filter.maf.Rd:7: Lost braces; missing escapes or markup?
7 | {adegenet} object}
| ^
checkRd: (-1) gl.pcoa.Rd:68: Lost braces; missing escapes or markup?
68 | The function is essentially a wrapper for glPca {adegenet} or pcoa \{ape\}
| ^
checkRd: (-1) gl.play.history.Rd:17: Lost braces
17 | code{x2@other$history[c(1,4,5)]}). [optional].}
| ^
checkRd: (-1) utils.jackknife.Rd:49: Lost braces
49 | bold{Note} that when n is very small, jackknife resampling is not recommended.
| ^
checkRd: (-1) utils.jackknife.Rd:51: Lost braces
51 | Parallel computation is implemented. The argument code{n.cores} indicates the
| ^
Flavors: r-devel-linux-x86_64-debian-clang, r-devel-linux-x86_64-debian-gcc
Version: 2.9.7
Check: package dependencies
Result: NOTE
Package suggested but not available for checking: ‘snpStats’
Flavor: r-release-macos-arm64
Version: 2.9.7
Check: Rd cross-references
Result: NOTE
Package unavailable to check Rd xrefs: ‘snpStats’
Flavor: r-release-macos-arm64