CRAN Package Check Results for Package dartR

Last updated on 2020-08-14 03:47:39 CEST.

Flavor Version Tinstall Tcheck Ttotal Status Flags
r-devel-linux-x86_64-debian-clang 1.1.11 0.99 2.75 3.74 ERROR
r-devel-linux-x86_64-debian-gcc 1.1.11 27.08 304.28 331.36 OK
r-devel-linux-x86_64-fedora-clang 1.1.11 551.27 NOTE
r-devel-linux-x86_64-fedora-gcc 1.1.11 532.50 OK
r-devel-windows-ix86+x86_64 1.1.11 104.00 454.00 558.00 OK
r-patched-linux-x86_64 1.1.11 32.81 398.34 431.15 OK
r-release-linux-x86_64 1.1.11 36.53 397.36 433.89 OK
r-release-macos-x86_64 1.1.11 OK
r-release-windows-ix86+x86_64 1.1.11 111.00 618.00 729.00 OK
r-oldrel-macos-x86_64 1.1.11 WARN
r-oldrel-windows-ix86+x86_64 1.1.11 66.00 360.00 426.00 OK

Check Details

Version: 1.1.11
Check: package dependencies
Result: ERROR
    Package required but not available: 'tidyr'
    
    Package suggested but not available for checking: 'plotly'
    
    See section 'The DESCRIPTION file' in the 'Writing R Extensions'
    manual.
Flavor: r-devel-linux-x86_64-debian-clang

Version: 1.1.11
Check: package dependencies
Result: NOTE
    Imports includes 29 non-default packages.
    Importing from so many packages makes the package vulnerable to any of
    them becoming unavailable. Move as many as possible to Suggests and
    use conditionally.
Flavor: r-devel-linux-x86_64-fedora-clang

Version: 1.1.11
Check: whether package can be installed
Result: WARN
    Found the following significant warnings:
     Warning: 'rgl_init' failed, running with rgl.useNULL = TRUE
Flavor: r-oldrel-macos-x86_64

Version: 1.1.11
Check: dependencies in R code
Result: NOTE
    No protocol specified
Flavor: r-oldrel-macos-x86_64

Version: 1.1.11
Check: S3 generic/method consistency
Result: WARN
    No protocol specified
    See section ‘Generic functions and methods’ in the ‘Writing R
    Extensions’ manual.
Flavor: r-oldrel-macos-x86_64

Version: 1.1.11
Check: replacement functions
Result: WARN
    No protocol specified
    The argument of a replacement function which corresponds to the right
    hand side must be named ‘value’.
Flavor: r-oldrel-macos-x86_64

Version: 1.1.11
Check: foreign function calls
Result: NOTE
    No protocol specified
    See chapter ‘System and foreign language interfaces’ in the ‘Writing R
    Extensions’ manual.
Flavor: r-oldrel-macos-x86_64

Version: 1.1.11
Check: R code for possible problems
Result: NOTE
    No protocol specified
Flavor: r-oldrel-macos-x86_64

Version: 1.1.11
Check: for missing documentation entries
Result: WARN
    No protocol specified
    All user-level objects in a package should have documentation entries.
    See chapter ‘Writing R documentation files’ in the ‘Writing R
    Extensions’ manual.
Flavor: r-oldrel-macos-x86_64

Version: 1.1.11
Check: for code/documentation mismatches
Result: WARN
    No protocol specified
    No protocol specified
    No protocol specified
Flavor: r-oldrel-macos-x86_64

Version: 1.1.11
Check: Rd \usage sections
Result: NOTE
    No protocol specified
    The \usage entries for S3 methods should use the \method markup and not
    their full name.
    See chapter ‘Writing R documentation files’ in the ‘Writing R
    Extensions’ manual.
Flavor: r-oldrel-macos-x86_64