CRAN Package Check Results for Package dadjokeapi

Last updated on 2024-02-24 16:48:17 CET.

Flavor Version Tinstall Tcheck Ttotal Status Flags
r-devel-linux-x86_64-debian-clang 1.0.2 4.69 41.10 45.79 NOTE
r-devel-linux-x86_64-debian-gcc 1.0.2 3.71 30.74 34.45 NOTE
r-devel-linux-x86_64-fedora-clang 1.0.2 55.33 NOTE
r-devel-linux-x86_64-fedora-gcc 1.0.2 52.53 NOTE
r-devel-windows-x86_64 1.0.2 5.00 51.00 56.00 NOTE
r-patched-linux-x86_64 1.0.2 3.57 39.11 42.68 NOTE
r-release-linux-x86_64 1.0.2 4.15 39.80 43.95 NOTE
r-release-macos-arm64 1.0.2 24.00 NOTE
r-release-macos-x86_64 1.0.2 33.00 NOTE
r-release-windows-x86_64 1.0.2 6.00 54.00 60.00 NOTE
r-oldrel-macos-arm64 1.0.2 24.00 NOTE
r-oldrel-windows-x86_64 1.0.2 7.00 60.00 67.00 NOTE

Check Details

Version: 1.0.2
Check: LazyData
Result: NOTE 'LazyData' is specified without a 'data' directory Flavors: r-devel-linux-x86_64-debian-clang, r-devel-linux-x86_64-debian-gcc, r-devel-linux-x86_64-fedora-clang, r-devel-linux-x86_64-fedora-gcc, r-devel-windows-x86_64, r-patched-linux-x86_64, r-release-linux-x86_64, r-release-macos-arm64, r-release-macos-x86_64, r-release-windows-x86_64, r-oldrel-macos-arm64, r-oldrel-windows-x86_64