CRAN Package Check Results for Package dabestr

Last updated on 2020-06-04 03:49:15 CEST.

Flavor Version Tinstall Tcheck Ttotal Status Flags
r-devel-linux-x86_64-debian-clang 0.2.5 23.22 278.26 301.48 OK
r-devel-linux-x86_64-debian-gcc 0.2.5 17.95 193.28 211.23 OK
r-devel-linux-x86_64-fedora-clang 0.2.5 331.48 NOTE
r-devel-linux-x86_64-fedora-gcc 0.2.5 320.17 NOTE
r-devel-windows-ix86+x86_64 0.2.5 22.00 375.00 397.00 OK
r-patched-linux-x86_64 0.2.5 24.65 267.12 291.77 OK
r-patched-solaris-x86 0.2.5 469.70 NOTE
r-release-linux-x86_64 0.2.5 22.65 270.90 293.55 OK
r-release-osx-x86_64 0.2.5 NOTE
r-release-windows-ix86+x86_64 0.2.5 16.00 252.00 268.00 OK
r-oldrel-osx-x86_64 0.2.5 NOTE
r-oldrel-windows-ix86+x86_64 0.2.5 21.00 486.00 507.00 OK

Check Details

Version: 0.2.5
Check: dependencies in R code
Result: NOTE
    Namespace in Imports field not imported from: ‘plyr’
     All declared Imports should be used.
Flavors: r-devel-linux-x86_64-fedora-clang, r-devel-linux-x86_64-fedora-gcc, r-patched-solaris-x86, r-release-osx-x86_64, r-oldrel-osx-x86_64