CRAN Package Check Results for Package dGAselID

Last updated on 2020-06-06 03:48:25 CEST.

Flavor Version Tinstall Tcheck Ttotal Status Flags
r-devel-linux-x86_64-debian-clang 1.2 21.15 166.15 187.30 OK
r-devel-linux-x86_64-debian-gcc 1.2 18.41 129.12 147.53 OK
r-devel-linux-x86_64-fedora-clang 1.2 235.01 OK
r-devel-linux-x86_64-fedora-gcc 1.2 225.81 OK
r-devel-windows-ix86+x86_64 1.2 60.00 228.00 288.00 OK
r-patched-linux-x86_64 1.2 19.81 165.52 185.33 OK
r-patched-solaris-x86 1.2 328.70 OK
r-release-linux-x86_64 1.2 21.29 167.21 188.50 OK
r-release-osx-x86_64 1.2 ERROR
r-release-windows-ix86+x86_64 1.2 43.00 155.00 198.00 OK
r-oldrel-osx-x86_64 1.2 ERROR
r-oldrel-windows-ix86+x86_64 1.2 51.00 207.00 258.00 OK

Check Details

Version: 1.2
Check: package dependencies
Result: ERROR
    Package required but not available: ‘ALL’
    
    See section ‘The DESCRIPTION file’ in the ‘Writing R Extensions’
    manual.
Flavors: r-release-osx-x86_64, r-oldrel-osx-x86_64