Last updated on 2023-12-10 04:55:54 CET.
Flavor | Version | Tinstall | Tcheck | Ttotal | Status | Flags |
---|---|---|---|---|---|---|
r-devel-linux-x86_64-debian-clang | 0.5.5 | 6.02 | 52.96 | 58.98 | OK | |
r-devel-linux-x86_64-debian-gcc | 0.5.5 | 4.97 | 39.37 | 44.34 | OK | |
r-devel-linux-x86_64-fedora-clang | 0.5.5 | 74.98 | NOTE | |||
r-devel-linux-x86_64-fedora-gcc | 0.5.5 | 80.94 | NOTE | |||
r-devel-windows-x86_64 | 0.5.5 | 8.00 | 63.00 | 71.00 | OK | |
r-patched-linux-x86_64 | 0.5.5 | 5.22 | 50.82 | 56.04 | OK | |
r-release-linux-x86_64 | 0.5.5 | 6.62 | 49.22 | 55.84 | OK | |
r-release-macos-arm64 | 0.5.5 | 31.00 | OK | |||
r-release-macos-x86_64 | 0.5.5 | 60.00 | OK | |||
r-release-windows-x86_64 | 0.5.5 | 11.00 | 73.00 | 84.00 | OK | |
r-oldrel-macos-arm64 | 0.5.5 | 28.00 | OK | |||
r-oldrel-macos-x86_64 | 0.5.5 | 39.00 | OK | |||
r-oldrel-windows-x86_64 | 0.5.5 | 10.00 | 68.00 | 78.00 | OK |
Version: 0.5.5
Check: data for non-ASCII characters
Result: NOTE
Note: found 469 marked UTF-8 strings
Flavors: r-devel-linux-x86_64-fedora-clang, r-devel-linux-x86_64-fedora-gcc