CRAN Package Check Results for Package cyjShiny

Last updated on 2024-03-03 16:49:55 CET.

Flavor Version Tinstall Tcheck Ttotal Status Flags
r-devel-linux-x86_64-debian-clang 1.0.42 6.96 56.60 63.56 OK
r-devel-linux-x86_64-debian-gcc 1.0.42 5.40 43.88 49.28 OK
r-devel-linux-x86_64-fedora-clang 1.0.42 77.90 NOTE
r-devel-linux-x86_64-fedora-gcc 1.0.42 95.77 OK
r-devel-windows-x86_64 1.0.42 9.00 66.00 75.00 NOTE
r-patched-linux-x86_64 1.0.42 7.53 54.56 62.09 OK
r-release-linux-x86_64 1.0.42 7.83 55.09 62.92 OK
r-release-macos-arm64 1.0.42 37.00 NOTE
r-release-macos-x86_64 1.0.42 46.00 NOTE
r-release-windows-x86_64 1.0.42 11.00 77.00 88.00 NOTE
r-oldrel-macos-arm64 1.0.42 32.00 NOTE
r-oldrel-windows-x86_64 1.0.42 11.00 78.00 89.00 NOTE

Check Details

Version: 1.0.42
Check: installed package size
Result: NOTE installed size is 6.0Mb sub-directories of 1Mb or more: docs 1.0Mb extdata 1.4Mb htmlwidgets 1.5Mb Flavors: r-devel-linux-x86_64-fedora-clang, r-devel-windows-x86_64, r-release-macos-arm64, r-release-macos-x86_64, r-release-windows-x86_64, r-oldrel-macos-arm64, r-oldrel-windows-x86_64