CRAN Package Check Results for Package cvmdisc

Last updated on 2024-04-23 16:58:12 CEST.

Flavor Version Tinstall Tcheck Ttotal Status Flags
r-devel-linux-x86_64-debian-clang 0.1.0 2.70 46.74 49.44 NOTE
r-devel-linux-x86_64-debian-gcc 0.1.0 2.29 33.78 36.07 NOTE
r-devel-linux-x86_64-fedora-clang 0.1.0 59.64 NOTE
r-devel-linux-x86_64-fedora-gcc 0.1.0 56.90 NOTE
r-prerel-macos-arm64 0.1.0 21.00 NOTE
r-prerel-windows-x86_64 0.1.0 3.00 55.00 58.00 NOTE
r-patched-linux-x86_64 0.1.0 2.83 42.48 45.31 NOTE
r-release-linux-x86_64 0.1.0 2.72 44.79 47.51 NOTE
r-release-macos-arm64 0.1.0 24.00 NOTE
r-release-macos-x86_64 0.1.0 32.00 NOTE
r-release-windows-x86_64 0.1.0 4.00 58.00 62.00 NOTE
r-oldrel-macos-arm64 0.1.0 25.00 NOTE
r-oldrel-windows-x86_64 0.1.0 5.00 62.00 67.00 NOTE

Check Details

Version: 0.1.0
Check: LazyData
Result: NOTE 'LazyData' is specified without a 'data' directory Flavors: r-devel-linux-x86_64-debian-clang, r-devel-linux-x86_64-debian-gcc, r-devel-linux-x86_64-fedora-clang, r-devel-linux-x86_64-fedora-gcc, r-prerel-macos-arm64, r-prerel-windows-x86_64, r-patched-linux-x86_64, r-release-linux-x86_64, r-release-macos-arm64, r-release-macos-x86_64, r-release-windows-x86_64, r-oldrel-macos-arm64, r-oldrel-windows-x86_64