CRAN Package Check Results for Package cvAUC

Last updated on 2020-08-11 15:48:31 CEST.

Flavor Version Tinstall Tcheck Ttotal Status Flags
r-devel-linux-x86_64-debian-clang 1.1.0 3.16 29.78 32.94 NOTE
r-devel-linux-x86_64-debian-gcc 1.1.0 2.27 22.78 25.05 NOTE
r-devel-linux-x86_64-fedora-clang 1.1.0 46.93 NOTE
r-devel-linux-x86_64-fedora-gcc 1.1.0 36.08 NOTE
r-devel-windows-ix86+x86_64 1.1.0 8.00 53.00 61.00 NOTE
r-patched-linux-x86_64 1.1.0 3.14 29.12 32.26 NOTE
r-patched-solaris-x86 1.1.0 59.60 NOTE
r-release-linux-x86_64 1.1.0 2.56 28.70 31.26 NOTE
r-release-macos-x86_64 1.1.0 NOTE
r-release-windows-ix86+x86_64 1.1.0 8.00 52.00 60.00 NOTE
r-oldrel-macos-x86_64 1.1.0 NOTE
r-oldrel-windows-ix86+x86_64 1.1.0 4.00 35.00 39.00 NOTE

Check Details

Version: 1.1.0
Check: R code for possible problems
Result: NOTE
    ci.cvAUC: no visible global function definition for 'qnorm'
    ci.pooled.cvAUC: no visible global function definition for 'qnorm'
    Undefined global functions or variables:
     qnorm
    Consider adding
     importFrom("stats", "qnorm")
    to your NAMESPACE file.
Flavors: r-devel-linux-x86_64-debian-clang, r-devel-linux-x86_64-debian-gcc, r-devel-linux-x86_64-fedora-clang, r-devel-linux-x86_64-fedora-gcc, r-devel-windows-ix86+x86_64, r-patched-linux-x86_64, r-patched-solaris-x86, r-release-linux-x86_64, r-release-macos-x86_64, r-release-windows-ix86+x86_64, r-oldrel-macos-x86_64, r-oldrel-windows-ix86+x86_64