CRAN Package Check Results for Package cubeview

Last updated on 2024-02-29 04:54:12 CET.

Flavor Version Tinstall Tcheck Ttotal Status Flags
r-devel-linux-x86_64-debian-clang 0.2.0 32.03 278.76 310.79 NOTE
r-devel-linux-x86_64-debian-gcc 0.2.0 24.38 204.25 228.63 NOTE
r-devel-linux-x86_64-fedora-clang 0.2.0 370.86 NOTE
r-devel-linux-x86_64-fedora-gcc 0.2.0 359.22 NOTE
r-devel-windows-x86_64 0.2.0 24.00 166.00 190.00 NOTE
r-patched-linux-x86_64 0.2.0 33.52 265.95 299.47 NOTE
r-release-linux-x86_64 0.2.0 29.91 266.19 296.10 NOTE
r-release-macos-arm64 0.2.0 87.00 NOTE
r-release-macos-x86_64 0.2.0 149.00 NOTE
r-release-windows-x86_64 0.2.0 29.00 223.00 252.00 NOTE
r-oldrel-macos-arm64 0.2.0 64.00 NOTE
r-oldrel-windows-x86_64 0.2.0 32.00 231.00 263.00 NOTE

Check Details

Version: 0.2.0
Check: LazyData
Result: NOTE 'LazyData' is specified without a 'data' directory Flavors: r-devel-linux-x86_64-debian-clang, r-devel-linux-x86_64-debian-gcc, r-devel-linux-x86_64-fedora-clang, r-devel-linux-x86_64-fedora-gcc, r-devel-windows-x86_64, r-patched-linux-x86_64, r-release-linux-x86_64, r-release-macos-arm64, r-release-macos-x86_64, r-release-windows-x86_64, r-oldrel-macos-arm64, r-oldrel-windows-x86_64