Last updated on 2023-12-09 16:49:15 CET.
Flavor | Version | Tinstall | Tcheck | Ttotal | Status | Flags |
---|---|---|---|---|---|---|
r-devel-linux-x86_64-debian-clang | 1.2.9 | 36.47 | 343.65 | 380.12 | NOTE | |
r-devel-linux-x86_64-debian-gcc | 1.2.9 | 33.17 | 261.77 | 294.94 | NOTE | |
r-devel-linux-x86_64-fedora-clang | 1.2.9 | 505.16 | OK | |||
r-devel-linux-x86_64-fedora-gcc | 1.2.9 | 462.76 | OK | |||
r-devel-windows-x86_64 | 1.2.9 | 31.00 | 222.00 | 253.00 | OK | |
r-patched-linux-x86_64 | 1.2.9 | 24.07 | 346.64 | 370.71 | OK | |
r-release-linux-x86_64 | 1.2.9 | 26.98 | 337.47 | 364.45 | OK | |
r-release-macos-arm64 | 1.2.9 | 125.00 | OK | |||
r-release-macos-x86_64 | 1.2.9 | 217.00 | OK | |||
r-release-windows-x86_64 | 1.2.9 | 42.00 | 292.00 | 334.00 | OK | |
r-oldrel-macos-arm64 | 1.2.9 | 96.00 | OK | |||
r-oldrel-macos-x86_64 | 1.2.9 | 168.00 | OK | |||
r-oldrel-windows-x86_64 | 1.2.9 | 45.00 | 296.00 | 341.00 | OK |
Version: 1.2.9
Check: Rd files
Result: NOTE
checkRd: (-1) mcmc.fmove.Rd:81: Lost braces; missing escapes or markup?
81 | beta ~ N( 0 , tau^2 * QQ^{-1} )
| ^
Flavors: r-devel-linux-x86_64-debian-clang, r-devel-linux-x86_64-debian-gcc