CRAN Package Check Results for Package crsra

Last updated on 2024-02-29 15:53:42 CET.

Flavor Version Tinstall Tcheck Ttotal Status Flags
r-devel-linux-x86_64-debian-clang 0.2.3 14.35 113.68 128.03 OK
r-devel-linux-x86_64-debian-gcc 0.2.3 10.19 86.94 97.13 OK
r-devel-linux-x86_64-fedora-clang 0.2.3 150.10 NOTE
r-devel-linux-x86_64-fedora-gcc 0.2.3 162.11 NOTE
r-devel-windows-x86_64 0.2.3 11.00 102.00 113.00 OK
r-patched-linux-x86_64 0.2.3 14.68 109.31 123.99 OK
r-release-linux-x86_64 0.2.3 11.67 110.49 122.16 OK
r-release-macos-arm64 0.2.3 56.00 OK
r-release-macos-x86_64 0.2.3 87.00 OK
r-release-windows-x86_64 0.2.3 15.00 117.00 132.00 OK
r-oldrel-macos-arm64 0.2.3 45.00 NOTE
r-oldrel-windows-x86_64 0.2.3 15.00 122.00 137.00 OK

Check Details

Version: 0.2.3
Check: data for non-ASCII characters
Result: NOTE Note: found 500 marked UTF-8 strings Flavors: r-devel-linux-x86_64-fedora-clang, r-devel-linux-x86_64-fedora-gcc, r-oldrel-macos-arm64