CRAN Package Check Results for Package crossnma

Last updated on 2024-02-22 05:01:42 CET.

Flavor Version Tinstall Tcheck Ttotal Status Flags
r-devel-linux-x86_64-debian-clang 1.2.0 OK
r-devel-linux-x86_64-debian-gcc 1.2.0 16.24 297.29 313.53 OK
r-devel-linux-x86_64-fedora-clang 1.2.0 503.27 NOTE
r-devel-linux-x86_64-fedora-gcc 1.2.0 494.26 OK
r-devel-windows-x86_64 1.2.0 17.00 449.00 466.00 OK
r-patched-linux-x86_64 1.2.0 23.63 376.60 400.23 OK
r-release-linux-x86_64 1.2.0 15.31 376.63 391.94 OK
r-release-macos-arm64 1.2.0 121.00 OK
r-release-macos-x86_64 1.2.0 246.00 OK
r-release-windows-x86_64 1.2.0 23.00 461.00 484.00 OK
r-oldrel-macos-arm64 1.2.0 121.00 OK
r-oldrel-windows-x86_64 1.2.0 24.00 464.00 488.00 OK

Check Details

Version: 1.2.0
Check: Rd cross-references
Result: NOTE Undeclared package ‘R2jags’ in Rd xrefs Flavor: r-devel-linux-x86_64-fedora-clang