CRAN Package Check Results for Package crop

Last updated on 2020-08-08 15:46:44 CEST.

Flavor Version Tinstall Tcheck Ttotal Status Flags
r-devel-linux-x86_64-debian-clang 0.0-2 1.75 18.83 20.58 NOTE
r-devel-linux-x86_64-debian-gcc 0.0-2 1.47 14.33 15.80 NOTE
r-devel-linux-x86_64-fedora-clang 0.0-2 33.12 NOTE
r-devel-linux-x86_64-fedora-gcc 0.0-2 23.82 NOTE
r-devel-windows-ix86+x86_64 0.0-2 6.00 26.00 32.00 OK
r-patched-linux-x86_64 0.0-2 1.55 18.27 19.82 NOTE
r-patched-solaris-x86 0.0-2 37.00 NOTE
r-release-linux-x86_64 0.0-2 1.56 18.52 20.08 NOTE
r-release-macos-x86_64 0.0-2 OK
r-release-windows-ix86+x86_64 0.0-2 4.00 25.00 29.00 OK
r-oldrel-macos-x86_64 0.0-2 OK
r-oldrel-windows-ix86+x86_64 0.0-2 4.00 34.00 38.00 OK

Check Details

Version: 0.0-2
Check: for non-standard things in the check directory
Result: NOTE
    Found the following files/directories:
     'crop.eps' 'crop.pdf' 'crop.png' 'crop.ps'
Flavors: r-devel-linux-x86_64-debian-clang, r-devel-linux-x86_64-debian-gcc, r-devel-linux-x86_64-fedora-clang, r-devel-linux-x86_64-fedora-gcc, r-patched-linux-x86_64, r-patched-solaris-x86, r-release-linux-x86_64