CRAN Package Check Results for Package crmPack

Last updated on 2020-05-25 15:48:57 CEST.

Flavor Version Tinstall Tcheck Ttotal Status Flags
r-devel-linux-x86_64-debian-clang 1.0.0 20.94 197.07 218.01 NOTE --no-vignettes
r-devel-linux-x86_64-debian-gcc 1.0.0 17.00 151.77 168.77 NOTE --no-vignettes
r-devel-linux-x86_64-fedora-clang 1.0.0 1503.61 OK
r-devel-linux-x86_64-fedora-gcc 1.0.0 1457.01 OK
r-devel-windows-ix86+x86_64 1.0.0 63.00 268.00 331.00 NOTE --no-vignettes
r-patched-linux-x86_64 1.0.0 22.44 197.19 219.63 NOTE --no-vignettes
r-patched-solaris-x86 1.0.0 303.50 OK --no-vignettes
r-release-linux-x86_64 1.0.0 21.68 187.93 209.61 NOTE --no-vignettes
r-release-osx-x86_64 1.0.0 OK
r-release-windows-ix86+x86_64 1.0.0 49.00 296.00 345.00 NOTE --no-vignettes
r-oldrel-osx-x86_64 1.0.0 OK
r-oldrel-windows-ix86+x86_64 1.0.0 42.00 280.00 322.00 OK --no-vignettes

Check Details

Version: 1.0.0
Flags: --no-vignettes
Check: package vignettes
Result: NOTE
    Package vignette with placeholder title 'Vignette Title':
     'guidelines.Rmd'
Flavors: r-devel-linux-x86_64-debian-clang, r-devel-linux-x86_64-debian-gcc, r-devel-windows-ix86+x86_64, r-patched-linux-x86_64, r-release-linux-x86_64, r-release-windows-ix86+x86_64