CRAN Package Check Results for Package credule

Last updated on 2024-02-29 15:53:42 CET.

Flavor Version Tinstall Tcheck Ttotal Status Flags
r-devel-linux-x86_64-debian-clang 0.1.4 2.35 22.19 24.54 OK
r-devel-linux-x86_64-debian-gcc 0.1.4 2.36 17.47 19.83 OK
r-devel-linux-x86_64-fedora-clang 0.1.4 32.23 NOTE
r-devel-linux-x86_64-fedora-gcc 0.1.4 45.85 NOTE
r-devel-windows-x86_64 0.1.4 6.00 42.00 48.00 OK
r-patched-linux-x86_64 0.1.4 3.16 21.90 25.06 OK
r-release-linux-x86_64 0.1.4 3.01 21.84 24.85 OK
r-release-macos-arm64 0.1.4 27.00 OK
r-release-macos-x86_64 0.1.4 33.00 OK
r-release-windows-x86_64 0.1.4 6.00 40.00 46.00 OK
r-oldrel-macos-arm64 0.1.4 18.00 OK
r-oldrel-windows-x86_64 0.1.4 9.00 47.00 56.00 OK

Check Details

Version: 0.1.4
Check: compiled code
Result: NOTE File ‘credule/libs/credule.so’: Found no calls to: ‘R_registerRoutines’, ‘R_useDynamicSymbols’ It is good practice to register native routines and to disable symbol search. See ‘Writing portable packages’ in the ‘Writing R Extensions’ manual. Flavors: r-devel-linux-x86_64-fedora-clang, r-devel-linux-x86_64-fedora-gcc