Last updated on 2025-01-21 16:50:03 CET.
Flavor | Version | Tinstall | Tcheck | Ttotal | Status | Flags |
---|---|---|---|---|---|---|
r-devel-linux-x86_64-debian-clang | 2.3.0 | 96.32 | 54.18 | 150.50 | NOTE | |
r-devel-linux-x86_64-debian-gcc | 2.3.0 | 71.39 | 37.05 | 108.44 | NOTE | |
r-devel-linux-x86_64-fedora-clang | 2.3.0 | 279.40 | NOTE | |||
r-devel-linux-x86_64-fedora-gcc | 2.3.0 | 296.14 | NOTE | |||
r-devel-windows-x86_64 | 2.3.0 | 100.00 | 106.00 | 206.00 | NOTE | --no-vignettes |
r-patched-linux-x86_64 | 2.3.0 | 99.91 | 48.79 | 148.70 | NOTE | |
r-release-linux-x86_64 | 2.3.0 | 94.33 | 48.62 | 142.95 | NOTE | |
r-release-macos-arm64 | 2.3.0 | 64.00 | NOTE | |||
r-release-macos-x86_64 | 2.3.0 | 71.00 | NOTE | |||
r-release-windows-x86_64 | 2.3.0 | 102.00 | 109.00 | 211.00 | NOTE | --no-vignettes |
r-oldrel-macos-arm64 | 2.3.0 | 77.00 | NOTE | |||
r-oldrel-macos-x86_64 | 2.3.0 | 125.00 | NOTE | |||
r-oldrel-windows-x86_64 | 2.3.0 | 108.00 | 107.00 | 215.00 | OK | --no-vignettes |
Version: 2.3.0
Check: Rd files
Result: NOTE
checkRd: (-1) crwPredict.Rd:54-68: Lost braces
54 | \item("predTime"){
| ^
checkRd: (-1) crwPredict.Rd:59: Lost braces
59 | no longer the default (see \item{return.type}). If the original data were
| ^
Flavors: r-devel-linux-x86_64-debian-clang, r-devel-linux-x86_64-debian-gcc, r-devel-linux-x86_64-fedora-clang, r-devel-linux-x86_64-fedora-gcc, r-patched-linux-x86_64, r-release-linux-x86_64, r-release-macos-arm64, r-release-macos-x86_64
Version: 2.3.0
Flags: --no-vignettes
Check: Rd files
Result: NOTE
checkRd: (-1) crwPredict.Rd:54-68: Lost braces
54 | \item("predTime"){
| ^
checkRd: (-1) crwPredict.Rd:59: Lost braces
59 | no longer the default (see \item{return.type}). If the original data were
| ^
Flavors: r-devel-windows-x86_64, r-release-windows-x86_64
Version: 2.3.0
Check: installed package size
Result: NOTE
installed size is 6.0Mb
sub-directories of 1Mb or more:
libs 5.2Mb
Flavors: r-release-macos-arm64, r-release-macos-x86_64, r-oldrel-macos-arm64, r-oldrel-macos-x86_64