CRAN Package Check Results for Package cranly

Last updated on 2024-02-28 05:12:48 CET.

Flavor Version Tinstall Tcheck Ttotal Status Flags
r-devel-linux-x86_64-debian-clang 0.6.0 10.09 439.82 449.91 OK
r-devel-linux-x86_64-debian-gcc 0.6.0 7.35 336.93 344.28 OK
r-devel-linux-x86_64-fedora-clang 0.6.0 513.32 NOTE
r-devel-linux-x86_64-fedora-gcc 0.6.0 546.50 OK
r-devel-windows-x86_64 0.6.0 9.00 323.00 332.00 NOTE
r-patched-linux-x86_64 0.6.0 8.90 418.95 427.85 OK
r-release-linux-x86_64 0.6.0 9.20 412.19 421.39 OK
r-release-macos-arm64 0.6.0 195.00 NOTE
r-release-macos-x86_64 0.6.0 346.00 NOTE
r-release-windows-x86_64 0.6.0 12.00 474.00 486.00 NOTE
r-oldrel-macos-arm64 0.6.0 174.00 NOTE
r-oldrel-windows-x86_64 0.6.0 14.00 424.00 438.00 NOTE

Check Details

Version: 0.6.0
Check: installed package size
Result: NOTE installed size is 5.4Mb sub-directories of 1Mb or more: doc 5.1Mb Flavors: r-devel-linux-x86_64-fedora-clang, r-devel-windows-x86_64, r-release-macos-arm64, r-release-macos-x86_64, r-release-windows-x86_64, r-oldrel-macos-arm64, r-oldrel-windows-x86_64