Last updated on 2023-09-28 05:56:44 CEST.
Flavor | Version | Tinstall | Tcheck | Ttotal | Status | Flags |
---|---|---|---|---|---|---|
r-devel-linux-x86_64-debian-clang | 1.2.1 | 180.69 | 85.64 | 266.33 | OK | |
r-devel-linux-x86_64-debian-gcc | 1.2.1 | 126.56 | 66.63 | 193.19 | OK | |
r-devel-linux-x86_64-fedora-clang | 1.2.1 | 383.82 | NOTE | |||
r-devel-linux-x86_64-fedora-gcc | 1.2.1 | 400.43 | NOTE | |||
r-devel-windows-x86_64 | 1.2.1 | 131.00 | 114.00 | 245.00 | OK | |
r-patched-linux-x86_64 | 1.2.1 | 180.45 | 84.75 | 265.20 | OK | |
r-release-linux-x86_64 | 1.2.1 | 169.93 | 85.56 | 255.49 | OK | |
r-release-macos-arm64 | 1.2.1 | 90.00 | NOTE | |||
r-release-macos-x86_64 | 1.2.1 | 155.00 | NOTE | |||
r-release-windows-x86_64 | 1.2.1 | 168.00 | 126.00 | 294.00 | OK | |
r-oldrel-macos-arm64 | 1.2.1 | 80.00 | NOTE | |||
r-oldrel-macos-x86_64 | 1.2.1 | 107.00 | NOTE | |||
r-oldrel-windows-x86_64 | 1.2.1 | 159.00 | 120.00 | 279.00 | OK |
Version: 1.2.1
Check: compiled code
Result: NOTE
File ‘cqrReg/libs/cqrReg.so’:
Found no calls to: ‘R_registerRoutines’, ‘R_useDynamicSymbols’
It is good practice to register native routines and to disable symbol
search.
See ‘Writing portable packages’ in the ‘Writing R Extensions’ manual.
Flavors: r-devel-linux-x86_64-fedora-clang, r-devel-linux-x86_64-fedora-gcc
Version: 1.2.1
Check: installed package size
Result: NOTE
installed size is 7.3Mb
sub-directories of 1Mb or more:
libs 7.2Mb
Flavors: r-release-macos-arm64, r-release-macos-x86_64, r-oldrel-macos-arm64, r-oldrel-macos-x86_64