CRAN Package Check Results for Package coxphf

Last updated on 2024-02-27 16:49:13 CET.

Flavor Version Tinstall Tcheck Ttotal Status Flags
r-devel-linux-x86_64-debian-clang 1.13.4 13.19 68.85 82.04 OK
r-devel-linux-x86_64-debian-gcc 1.13.4 9.58 52.08 61.66 OK
r-devel-linux-x86_64-fedora-clang 1.13.4 99.90 NOTE
r-devel-linux-x86_64-fedora-gcc 1.13.4 95.61 OK
r-devel-windows-x86_64 1.13.4 12.00 74.00 86.00 OK
r-patched-linux-x86_64 1.13.4 10.29 67.50 77.79 OK
r-release-linux-x86_64 1.13.4 13.01 66.73 79.74 OK
r-release-macos-arm64 1.13.4 35.00 OK
r-release-macos-x86_64 1.13.4 56.00 OK
r-release-windows-x86_64 1.13.4 16.00 86.00 102.00 OK
r-oldrel-macos-arm64 1.13.4 41.00 OK
r-oldrel-windows-x86_64 1.13.4 14.00 84.00 98.00 OK

Check Details

Version: 1.13.4
Check: installed package size
Result: NOTE installed size is 7.6Mb sub-directories of 1Mb or more: libs 7.4Mb Flavor: r-devel-linux-x86_64-fedora-clang