CRAN Package Check Results for Package cowbell

Last updated on 2020-11-30 03:47:37 CET.

Flavor Version Tinstall Tcheck Ttotal Status Flags
r-devel-linux-x86_64-debian-clang 0.1.0 4.78 75.24 80.02 OK
r-devel-linux-x86_64-debian-gcc 0.1.0 2.73 57.64 60.37 OK
r-devel-linux-x86_64-fedora-clang 0.1.0 97.45 NOTE
r-devel-linux-x86_64-fedora-gcc 0.1.0 90.18 NOTE
r-devel-windows-ix86+x86_64 0.1.0 8.00 96.00 104.00 OK
r-patched-linux-x86_64 0.1.0 3.78 74.22 78.00 OK
r-patched-solaris-x86 0.1.0 121.90 NOTE
r-release-linux-x86_64 0.1.0 3.38 75.59 78.97 OK
r-release-macos-x86_64 0.1.0 NOTE
r-release-windows-ix86+x86_64 0.1.0 5.00 79.00 84.00 OK
r-oldrel-macos-x86_64 0.1.0 NOTE
r-oldrel-windows-ix86+x86_64 0.1.0 4.00 88.00 92.00 OK

Check Details

Version: 0.1.0
Check: dependencies in R code
Result: NOTE
    Namespaces in Imports field not imported from:
     ‘ggplot2’ ‘misc3d’
     All declared Imports should be used.
Flavors: r-devel-linux-x86_64-fedora-clang, r-devel-linux-x86_64-fedora-gcc, r-patched-solaris-x86, r-release-macos-x86_64, r-oldrel-macos-x86_64