CRAN Package Check Results for Package covidcast

Last updated on 2024-02-22 05:01:42 CET.

Flavor Version Tinstall Tcheck Ttotal Status Flags
r-devel-linux-x86_64-debian-clang 0.5.2 OK
r-devel-linux-x86_64-debian-gcc 0.5.2 5.71 138.48 144.19 OK
r-devel-linux-x86_64-fedora-clang 0.5.2 226.36 NOTE
r-devel-linux-x86_64-fedora-gcc 0.5.2 232.76 NOTE
r-devel-windows-x86_64 0.5.2 8.00 182.00 190.00 OK
r-patched-linux-x86_64 0.5.2 7.36 183.10 190.46 OK
r-release-linux-x86_64 0.5.2 6.11 180.80 186.91 OK
r-release-macos-arm64 0.5.2 95.00 OK
r-release-macos-x86_64 0.5.2 200.00 OK
r-release-windows-x86_64 0.5.2 10.00 217.00 227.00 OK
r-oldrel-macos-arm64 0.5.2 82.00 OK
r-oldrel-windows-x86_64 0.5.2 10.00 209.00 219.00 OK

Check Details

Version: 0.5.2
Check: data for non-ASCII characters
Result: NOTE Note: found 20 marked UTF-8 strings Flavors: r-devel-linux-x86_64-fedora-clang, r-devel-linux-x86_64-fedora-gcc