CRAN Package Check Results for Package covid19sf

Last updated on 2024-02-28 05:12:48 CET.

Flavor Version Tinstall Tcheck Ttotal Status Flags
r-devel-linux-x86_64-debian-clang 0.1.2 4.02 39.45 43.47 OK
r-devel-linux-x86_64-debian-gcc 0.1.2 4.22 30.53 34.75 OK
r-devel-linux-x86_64-fedora-clang 0.1.2 54.49 NOTE
r-devel-linux-x86_64-fedora-gcc 0.1.2 65.43 NOTE
r-devel-windows-x86_64 0.1.2 8.00 55.00 63.00 OK
r-patched-linux-x86_64 0.1.2 3.49 38.21 41.70 OK
r-release-linux-x86_64 0.1.2 3.42 37.08 40.50 OK
r-release-macos-arm64 0.1.2 33.00 OK
r-release-macos-x86_64 0.1.2 41.00 OK
r-release-windows-x86_64 0.1.2 9.00 60.00 69.00 OK
r-oldrel-macos-arm64 0.1.2 23.00 NOTE
r-oldrel-windows-x86_64 0.1.2 10.00 59.00 69.00 OK

Check Details

Version: 0.1.2
Check: dependencies in R code
Result: NOTE Namespaces in Imports field not imported from: ‘mapview’ ‘plotly’ All declared Imports should be used. Flavors: r-devel-linux-x86_64-fedora-clang, r-devel-linux-x86_64-fedora-gcc, r-oldrel-macos-arm64