Last updated on 2023-12-02 16:49:10 CET.
Flavor | Version | Tinstall | Tcheck | Ttotal | Status | Flags |
---|---|---|---|---|---|---|
r-devel-linux-x86_64-debian-clang | 0.1.4 | 17.11 | 120.22 | 137.33 | OK | |
r-devel-linux-x86_64-debian-gcc | 0.1.4 | 12.40 | 90.25 | 102.65 | OK | |
r-devel-linux-x86_64-fedora-clang | 0.1.4 | 166.17 | NOTE | |||
r-devel-linux-x86_64-fedora-gcc | 0.1.4 | 159.69 | NOTE | |||
r-devel-windows-x86_64 | 0.1.4 | 13.00 | 103.00 | 116.00 | OK | |
r-patched-linux-x86_64 | 0.1.4 | 10.54 | 117.71 | 128.25 | OK | |
r-release-linux-x86_64 | 0.1.4 | 9.91 | 116.53 | 126.44 | OK | |
r-release-macos-arm64 | 0.1.4 | 48.00 | OK | |||
r-release-macos-x86_64 | 0.1.4 | 79.00 | OK | |||
r-release-windows-x86_64 | 0.1.4 | 19.00 | 124.00 | 143.00 | OK | |
r-oldrel-macos-arm64 | 0.1.4 | 49.00 | NOTE | |||
r-oldrel-macos-x86_64 | 0.1.4 | 88.00 | NOTE | |||
r-oldrel-windows-x86_64 | 0.1.4 | 19.00 | 125.00 | 144.00 | OK |
Version: 0.1.4
Check: dependencies in R code
Result: NOTE
Namespaces in Imports field not imported from:
‘httr’ ‘stringr’
All declared Imports should be used.
Flavors: r-devel-linux-x86_64-fedora-clang, r-devel-linux-x86_64-fedora-gcc, r-oldrel-macos-arm64, r-oldrel-macos-x86_64