CRAN Package Check Results for Package countrycode

Last updated on 2023-12-08 05:02:01 CET.

Flavor Version Tinstall Tcheck Ttotal Status Flags
r-devel-linux-x86_64-debian-clang 1.5.0 3.47 104.63 108.10 OK
r-devel-linux-x86_64-debian-gcc 1.5.0 4.05 78.14 82.19 OK
r-devel-linux-x86_64-fedora-clang 1.5.0 134.53 NOTE
r-devel-linux-x86_64-fedora-gcc 1.5.0 131.96 NOTE
r-devel-windows-x86_64 1.5.0 5.00 232.00 237.00 OK
r-patched-linux-x86_64 1.5.0 4.04 103.32 107.36 OK
r-release-linux-x86_64 1.5.0 4.83 100.33 105.16 OK
r-release-macos-arm64 1.5.0 51.00 OK
r-release-macos-x86_64 1.5.0 112.00 OK
r-release-windows-x86_64 1.5.0 6.00 254.00 260.00 OK
r-oldrel-macos-arm64 1.5.0 51.00 OK
r-oldrel-macos-x86_64 1.5.0 70.00 OK
r-oldrel-windows-x86_64 1.5.0 6.00 251.00 257.00 OK

Check Details

Version: 1.5.0
Check: data for non-ASCII characters
Result: NOTE Note: found 140280 marked UTF-8 strings Flavors: r-devel-linux-x86_64-fedora-clang, r-devel-linux-x86_64-fedora-gcc