Last updated on 2023-11-30 16:49:19 CET.
Flavor | Version | Tinstall | Tcheck | Ttotal | Status | Flags |
---|---|---|---|---|---|---|
r-devel-linux-x86_64-debian-clang | 1.4 | 6.97 | 81.88 | 88.85 | NOTE | |
r-devel-linux-x86_64-debian-gcc | 1.4 | 5.77 | 60.23 | 66.00 | NOTE | |
r-devel-linux-x86_64-fedora-clang | 1.4 | 112.50 | OK | |||
r-devel-linux-x86_64-fedora-gcc | 1.4 | 117.54 | OK | |||
r-devel-windows-x86_64 | 1.4 | 8.00 | 83.00 | 91.00 | OK | |
r-patched-linux-x86_64 | 1.4 | 7.78 | 77.42 | 85.20 | OK | |
r-release-linux-x86_64 | 1.4 | 7.97 | 74.91 | 82.88 | OK | |
r-release-macos-arm64 | 1.4 | 40.00 | OK | |||
r-release-macos-x86_64 | 1.4 | 64.00 | OK | |||
r-release-windows-x86_64 | 1.4 | 10.00 | 94.00 | 104.00 | OK | |
r-oldrel-macos-arm64 | 1.4 | 37.00 | OK | |||
r-oldrel-macos-x86_64 | 1.4 | 65.00 | OK | |||
r-oldrel-windows-x86_64 | 1.4 | 11.00 | 101.00 | 112.00 | OK |
Version: 1.4
Check: Rd files
Result: NOTE
checkRd: (-1) summary_fitlist.Rd:15: Lost braces in \itemize; \value handles \item{}{} directly
checkRd: (-1) summary_fitlist.Rd:16: Lost braces in \itemize; \value handles \item{}{} directly
checkRd: (-1) summary_fitlist.Rd:17: Lost braces in \itemize; \value handles \item{}{} directly
checkRd: (-1) summary_fitlist.Rd:18: Lost braces in \itemize; \value handles \item{}{} directly
checkRd: (-1) summary_fitlist.Rd:19: Lost braces in \itemize; \value handles \item{}{} directly
Flavors: r-devel-linux-x86_64-debian-clang, r-devel-linux-x86_64-debian-gcc