CRAN Package Check Results for Package correlationfunnel

Last updated on 2020-08-10 06:47:22 CEST.

Flavor Version Tinstall Tcheck Ttotal Status Flags
r-devel-linux-x86_64-debian-clang 0.2.0 11.88 150.82 162.70 OK
r-devel-linux-x86_64-debian-gcc 0.2.0 11.93 115.42 127.35 OK
r-devel-linux-x86_64-fedora-clang 0.2.0 203.67 NOTE
r-devel-linux-x86_64-fedora-gcc 0.2.0 193.71 NOTE
r-devel-windows-ix86+x86_64 0.2.0 42.00 212.00 254.00 OK
r-patched-linux-x86_64 0.2.0 11.96 145.59 157.55 OK
r-patched-solaris-x86 0.2.0 295.00 NOTE
r-release-linux-x86_64 0.2.0 15.11 143.19 158.30 OK
r-release-macos-x86_64 0.2.0 NOTE
r-release-windows-ix86+x86_64 0.2.0 41.00 209.00 250.00 OK
r-oldrel-macos-x86_64 0.2.0 NOTE
r-oldrel-windows-ix86+x86_64 0.2.0 26.00 150.00 176.00 OK

Check Details

Version: 0.2.0
Check: dependencies in R code
Result: NOTE
    Namespace in Imports field not imported from: ‘utils’
     All declared Imports should be used.
Flavors: r-devel-linux-x86_64-fedora-clang, r-devel-linux-x86_64-fedora-gcc, r-patched-solaris-x86, r-release-macos-x86_64, r-oldrel-macos-x86_64