Last updated on 2023-12-01 04:53:51 CET.
Flavor | Version | Tinstall | Tcheck | Ttotal | Status | Flags |
---|---|---|---|---|---|---|
r-devel-linux-x86_64-debian-clang | 0.8.4 | 6.59 | 193.34 | 199.93 | OK | |
r-devel-linux-x86_64-debian-gcc | 0.8.4 | 4.57 | 144.53 | 149.10 | OK | |
r-devel-linux-x86_64-fedora-clang | 0.8.4 | 228.48 | OK | |||
r-devel-linux-x86_64-fedora-gcc | 0.8.4 | 260.54 | OK | |||
r-devel-windows-x86_64 | 0.8.4 | 6.00 | 165.00 | 171.00 | OK | |
r-patched-linux-x86_64 | 0.8.4 | 7.95 | 182.06 | 190.01 | OK | |
r-release-linux-x86_64 | 0.8.4 | 6.62 | 182.62 | 189.24 | OK | |
r-release-macos-arm64 | 0.8.4 | 74.00 | OK | |||
r-release-macos-x86_64 | 0.8.4 | 153.00 | NOTE | |||
r-release-windows-x86_64 | 0.8.4 | 7.00 | 206.00 | 213.00 | OK | |
r-oldrel-macos-arm64 | 0.8.4 | 75.00 | OK | |||
r-oldrel-macos-x86_64 | 0.8.4 | 98.00 | OK | |||
r-oldrel-windows-x86_64 | 0.8.4 | 9.00 | 210.00 | 219.00 | OK |
Version: 0.8.4
Check: package dependencies
Result: NOTE
Package suggested but not available for checking: ‘rstanarm’
Flavor: r-release-macos-x86_64