Last updated on 2023-12-04 16:53:23 CET.
Flavor | Version | Tinstall | Tcheck | Ttotal | Status | Flags |
---|---|---|---|---|---|---|
r-devel-linux-x86_64-debian-clang | 0.8.6 | 4.94 | 49.12 | 54.06 | OK | |
r-devel-linux-x86_64-debian-gcc | 0.8.6 | 3.15 | 34.71 | 37.86 | OK | |
r-devel-linux-x86_64-fedora-clang | 0.8.6 | 65.86 | NOTE | |||
r-devel-linux-x86_64-fedora-gcc | 0.8.6 | 60.59 | NOTE | |||
r-devel-windows-x86_64 | 0.8.6 | 6.00 | 59.00 | 65.00 | OK | |
r-patched-linux-x86_64 | 0.8.6 | 3.39 | 44.58 | 47.97 | OK | |
r-release-linux-x86_64 | 0.8.6 | 4.28 | 44.70 | 48.98 | OK | |
r-release-macos-arm64 | 0.8.6 | 23.00 | OK | |||
r-release-macos-x86_64 | 0.8.6 | 34.00 | OK | |||
r-release-windows-x86_64 | 0.8.6 | 7.00 | 63.00 | 70.00 | OK | |
r-oldrel-macos-arm64 | 0.8.6 | 20.00 | NOTE | |||
r-oldrel-macos-x86_64 | 0.8.6 | 33.00 | NOTE | |||
r-oldrel-windows-x86_64 | 0.8.6 | 7.00 | 62.00 | 69.00 | OK |
Version: 0.8.6
Check: dependencies in R code
Result: NOTE
Namespaces in Imports field not imported from:
‘RColorBrewer’ ‘ggplot2’ ‘re2’ ‘rmarkdown’ ‘shinyWidgets’
‘shinydashboard’ ‘shinyjs’
All declared Imports should be used.
Flavors: r-devel-linux-x86_64-fedora-clang, r-devel-linux-x86_64-fedora-gcc, r-oldrel-macos-arm64, r-oldrel-macos-x86_64