CRAN Package Check Results for Package copulaedas

Last updated on 2020-08-11 03:47:45 CEST.

Flavor Version Tinstall Tcheck Ttotal Status Flags
r-devel-linux-x86_64-debian-clang 1.4.3 11.22 94.12 105.34 NOTE
r-devel-linux-x86_64-debian-gcc 1.4.3 10.39 71.17 81.56 NOTE
r-devel-linux-x86_64-fedora-clang 1.4.3 137.63 NOTE
r-devel-linux-x86_64-fedora-gcc 1.4.3 123.94 NOTE
r-devel-windows-ix86+x86_64 1.4.3 29.00 128.00 157.00 OK
r-patched-linux-x86_64 1.4.3 12.39 92.93 105.32 NOTE
r-patched-solaris-x86 1.4.3 188.40 NOTE
r-release-linux-x86_64 1.4.3 12.80 93.34 106.14 NOTE
r-release-macos-x86_64 1.4.3 NOTE
r-release-windows-ix86+x86_64 1.4.3 35.00 96.00 131.00 OK
r-oldrel-macos-x86_64 1.4.3 OK
r-oldrel-windows-ix86+x86_64 1.4.3 17.00 132.00 149.00 OK

Check Details

Version: 1.4.3
Check: package dependencies
Result: NOTE
    Package suggested but not available for checking: 'cec2005benchmark'
Flavors: r-devel-linux-x86_64-debian-clang, r-devel-linux-x86_64-debian-gcc, r-devel-linux-x86_64-fedora-clang, r-devel-linux-x86_64-fedora-gcc, r-patched-linux-x86_64, r-patched-solaris-x86, r-release-linux-x86_64, r-release-macos-x86_64