Last updated on 2023-12-10 04:55:54 CET.
Flavor | Version | Tinstall | Tcheck | Ttotal | Status | Flags |
---|---|---|---|---|---|---|
r-devel-linux-x86_64-debian-clang | 2.1.27 | 63.78 | 337.42 | 401.20 | WARN | |
r-devel-linux-x86_64-debian-gcc | 2.1.27 | 45.50 | 246.78 | 292.28 | OK | |
r-devel-linux-x86_64-fedora-clang | 2.1.27 | 536.09 | WARN | |||
r-devel-linux-x86_64-fedora-gcc | 2.1.27 | 523.20 | OK | |||
r-devel-windows-x86_64 | 2.1.27 | 50.00 | 244.00 | 294.00 | OK | |
r-patched-linux-x86_64 | 2.1.27 | 57.38 | 324.42 | 381.80 | OK | |
r-release-linux-x86_64 | 2.1.27 | 56.86 | 311.44 | 368.30 | OK | |
r-release-macos-arm64 | 2.1.27 | 97.00 | OK | |||
r-release-macos-x86_64 | 2.1.27 | 244.00 | OK | |||
r-release-windows-x86_64 | 2.1.27 | 65.00 | 313.00 | 378.00 | OK | |
r-oldrel-macos-arm64 | 2.1.27 | 97.00 | OK | |||
r-oldrel-macos-x86_64 | 2.1.27 | 152.00 | OK | |||
r-oldrel-windows-x86_64 | 2.1.27 | 59.00 | 296.00 | 355.00 | OK |
Version: 2.1.27
Check: whether package can be installed
Result: WARN
Found the following significant warnings:
RcppExports.cpp:47:18: warning: format string is not a string literal (potentially insecure) [-Wformat-security]
RcppExports.cpp:84:18: warning: format string is not a string literal (potentially insecure) [-Wformat-security]
RcppExports.cpp:120:18: warning: format string is not a string literal (potentially insecure) [-Wformat-security]
RcppExports.cpp:157:18: warning: format string is not a string literal (potentially insecure) [-Wformat-security]
See ‘/home/hornik/tmp/R.check/r-devel-clang/Work/PKGS/cooltools.Rcheck/00install.out’ for details.
* used C++ compiler: ‘Debian clang version 17.0.5 (1)’
Flavor: r-devel-linux-x86_64-debian-clang
Version: 2.1.27
Check: whether package can be installed
Result: WARN
Found the following significant warnings:
RcppExports.cpp:47:18: warning: format string is not a string literal (potentially insecure) [-Wformat-security]
RcppExports.cpp:84:18: warning: format string is not a string literal (potentially insecure) [-Wformat-security]
RcppExports.cpp:120:18: warning: format string is not a string literal (potentially insecure) [-Wformat-security]
RcppExports.cpp:157:18: warning: format string is not a string literal (potentially insecure) [-Wformat-security]
See ‘/data/gannet/ripley/R/packages/tests-clang/cooltools.Rcheck/00install.out’ for details.
* used C++ compiler: ‘clang version 17.0.5’
Flavor: r-devel-linux-x86_64-fedora-clang