CRAN Package Check Results for Package convey

Last updated on 2020-05-25 15:48:57 CEST.

Flavor Version Tinstall Tcheck Ttotal Status Flags
r-devel-linux-x86_64-debian-clang 0.2.2 16.24 574.54 590.78 OK
r-devel-linux-x86_64-debian-gcc 0.2.2 15.24 432.62 447.86 OK
r-devel-linux-x86_64-fedora-clang 0.2.2 430.08 OK
r-devel-linux-x86_64-fedora-gcc 0.2.2 663.48 OK
r-devel-windows-ix86+x86_64 0.2.2 39.00 686.00 725.00 OK
r-patched-linux-x86_64 0.2.1 15.69 100.44 116.13 ERROR
r-patched-solaris-x86 0.2.2 950.90 OK
r-release-linux-x86_64 0.2.1 16.20 100.84 117.04 ERROR
r-release-osx-x86_64 0.2.1 NOTE
r-release-windows-ix86+x86_64 0.2.1 22.00 133.00 155.00 ERROR
r-oldrel-osx-x86_64 0.2.2 OK
r-oldrel-windows-ix86+x86_64 0.2.2 33.00 669.00 702.00 OK

Check Details

Version: 0.2.1
Check: package dependencies
Result: NOTE
    Package suggested but not available for checking: ‘MonetDBLite’
Flavors: r-patched-linux-x86_64, r-release-linux-x86_64, r-release-osx-x86_64, r-release-windows-ix86+x86_64

Version: 0.2.1
Check: examples
Result: ERROR
    Running examples in ‘convey-Ex.R’ failed
    The error most likely occurred in:
    
    > base::assign(".ptime", proc.time(), pos = "CheckExEnv")
    > ### Name: contrastinf
    > ### Title: Generalized linearization of a smooth function of survey
    > ### statistics
    > ### Aliases: contrastinf
    >
    > ### ** Examples
    >
    > library(survey)
    Loading required package: grid
    Loading required package: Matrix
    Loading required package: survival
    
    Attaching package: ‘survey’
    
    The following object is masked from ‘package:graphics’:
    
     dotchart
    
    > library(vardpoor)
    > data(eusilc) ; names( eusilc ) <- tolower( names( eusilc ) )
    Warning in data(eusilc) : data set ‘eusilc’ not found
    Error in tolower(names(eusilc)) : object 'eusilc' not found
    Execution halted
Flavors: r-patched-linux-x86_64, r-release-linux-x86_64

Version: 0.2.1
Check: examples
Result: ERROR
    Running examples in 'convey-Ex.R' failed
    The error most likely occurred in:
    
    > ### Name: contrastinf
    > ### Title: Generalized linearization of a smooth function of survey
    > ### statistics
    > ### Aliases: contrastinf
    >
    > ### ** Examples
    >
    > library(survey)
    Loading required package: grid
    Loading required package: Matrix
    Loading required package: survival
    
    Attaching package: 'survey'
    
    The following object is masked from 'package:graphics':
    
     dotchart
    
    > library(vardpoor)
    > data(eusilc) ; names( eusilc ) <- tolower( names( eusilc ) )
    Warning in data(eusilc) : data set 'eusilc' not found
    Error in tolower(names(eusilc)) : object 'eusilc' not found
    Execution halted
Flavor: r-release-windows-ix86+x86_64