Last updated on 2023-11-29 16:51:38 CET.
Flavor | Version | Tinstall | Tcheck | Ttotal | Status | Flags |
---|---|---|---|---|---|---|
r-devel-linux-x86_64-debian-clang | 0.5.4 | 7.32 | 143.46 | 150.78 | NOTE | |
r-devel-linux-x86_64-debian-gcc | 0.5.4 | 5.37 | 105.40 | 110.77 | NOTE | |
r-devel-linux-x86_64-fedora-clang | 0.5.4 | 184.42 | NOTE | |||
r-devel-linux-x86_64-fedora-gcc | 0.5.4 | 188.96 | NOTE | |||
r-devel-windows-x86_64 | 0.5.4 | 9.00 | 128.00 | 137.00 | OK | |
r-patched-linux-x86_64 | 0.5.4 | 7.31 | 135.67 | 142.98 | OK | |
r-release-linux-x86_64 | 0.5.4 | 6.61 | 134.13 | 140.74 | OK | |
r-release-macos-arm64 | 0.5.4 | 63.00 | OK | |||
r-release-macos-x86_64 | 0.5.4 | 104.00 | OK | |||
r-release-windows-x86_64 | 0.5.4 | 12.00 | 156.00 | 168.00 | OK | |
r-oldrel-macos-arm64 | 0.5.4 | 53.00 | OK | |||
r-oldrel-macos-x86_64 | 0.5.4 | 101.00 | OK | |||
r-oldrel-windows-x86_64 | 0.5.4 | 11.00 | 144.00 | 155.00 | OK |
Version: 0.5.4
Check: Rd files
Result: NOTE
checkRd: (-1) smoo_dataset.Rd:20: Lost braces; missing escapes or markup?
20 | The smoother substitutes an original raw value $y_{m,i,t}$ of country $m$
| ^
checkRd: (-1) smoo_dataset.Rd:22: Lost braces
22 | $$\\check{y_{m,i,t}} = y_{m,i,t-1} ~ (1-w)/2 +w ~y_{m,i,t} +y_{m,i,t+1} ~(1-w)/2$$,
| ^
checkRd: (-1) smoo_dataset.Rd:22: Lost braces; missing escapes or markup?
22 | $$\\check{y_{m,i,t}} = y_{m,i,t-1} ~ (1-w)/2 +w ~y_{m,i,t} +y_{m,i,t+1} ~(1-w)/2$$,
| ^
checkRd: (-1) smoo_dataset.Rd:22: Lost braces; missing escapes or markup?
22 | $$\\check{y_{m,i,t}} = y_{m,i,t-1} ~ (1-w)/2 +w ~y_{m,i,t} +y_{m,i,t+1} ~(1-w)/2$$,
| ^
checkRd: (-1) smoo_dataset.Rd:22: Lost braces; missing escapes or markup?
22 | $$\\check{y_{m,i,t}} = y_{m,i,t-1} ~ (1-w)/2 +w ~y_{m,i,t} +y_{m,i,t+1} ~(1-w)/2$$,
| ^
checkRd: (-1) smoo_dataset.Rd:22: Lost braces; missing escapes or markup?
22 | $$\\check{y_{m,i,t}} = y_{m,i,t-1} ~ (1-w)/2 +w ~y_{m,i,t} +y_{m,i,t+1} ~(1-w)/2$$,
| ^
Flavors: r-devel-linux-x86_64-debian-clang, r-devel-linux-x86_64-debian-gcc
Version: 0.5.4
Check: data for non-ASCII characters
Result: NOTE
Note: found 1 marked UTF-8 string
Flavors: r-devel-linux-x86_64-fedora-clang, r-devel-linux-x86_64-fedora-gcc