CRAN Package Check Results for Package controlTest

Last updated on 2024-02-26 04:49:23 CET.

Flavor Version Tinstall Tcheck Ttotal Status Flags
r-devel-linux-x86_64-debian-clang 1.1.0 7.76 65.69 73.45 NOTE
r-devel-linux-x86_64-debian-gcc 1.1.0 5.23 50.55 55.78 NOTE
r-devel-linux-x86_64-fedora-clang 1.1.0 88.40 NOTE
r-devel-linux-x86_64-fedora-gcc 1.1.0 86.85 NOTE
r-devel-windows-x86_64 1.1.0 6.00 64.00 70.00 NOTE
r-patched-linux-x86_64 1.1.0 5.92 64.03 69.95 NOTE
r-release-linux-x86_64 1.1.0 7.97 63.20 71.17 NOTE
r-release-macos-arm64 1.1.0 31.00 NOTE
r-release-macos-x86_64 1.1.0 51.00 NOTE
r-release-windows-x86_64 1.1.0 8.00 73.00 81.00 NOTE
r-oldrel-macos-arm64 1.1.0 32.00 NOTE
r-oldrel-windows-x86_64 1.1.0 8.00 78.00 86.00 NOTE

Check Details

Version: 1.1.0
Check: LazyData
Result: NOTE 'LazyData' is specified without a 'data' directory Flavors: r-devel-linux-x86_64-debian-clang, r-devel-linux-x86_64-debian-gcc, r-devel-linux-x86_64-fedora-clang, r-devel-linux-x86_64-fedora-gcc, r-devel-windows-x86_64, r-patched-linux-x86_64, r-release-linux-x86_64, r-release-macos-arm64, r-release-macos-x86_64, r-release-windows-x86_64, r-oldrel-macos-arm64, r-oldrel-windows-x86_64