CRAN Package Check Results for Package configural

Last updated on 2020-08-15 03:48:00 CEST.

Flavor Version Tinstall Tcheck Ttotal Status Flags
r-devel-linux-x86_64-debian-clang 0.1.1 6.18 59.66 65.84 OK
r-devel-linux-x86_64-debian-gcc 0.1.1 4.35 43.19 47.54 OK
r-devel-linux-x86_64-fedora-clang 0.1.1 85.15 NOTE
r-devel-linux-x86_64-fedora-gcc 0.1.1 72.82 NOTE
r-devel-windows-ix86+x86_64 0.1.1 23.00 69.00 92.00 OK
r-patched-linux-x86_64 0.1.1 5.92 57.04 62.96 OK
r-patched-solaris-x86 0.1.1 104.00 NOTE
r-release-linux-x86_64 0.1.1 6.20 56.26 62.46 OK
r-release-macos-x86_64 0.1.1 NOTE
r-release-windows-ix86+x86_64 0.1.1 20.00 73.00 93.00 OK
r-oldrel-macos-x86_64 0.1.1 NOTE
r-oldrel-windows-ix86+x86_64 0.1.1 10.00 92.00 102.00 OK

Check Details

Version: 0.1.1
Check: dependencies in R code
Result: NOTE
    Namespace in Imports field not imported from: ‘cli’
     All declared Imports should be used.
Flavors: r-devel-linux-x86_64-fedora-clang, r-devel-linux-x86_64-fedora-gcc, r-patched-solaris-x86, r-release-macos-x86_64, r-oldrel-macos-x86_64

Version: 0.1.1
Check: Rd cross-references
Result: NOTE
    Undeclared packages ‘fungible’, ‘psych’ in Rd xrefs
Flavor: r-devel-linux-x86_64-fedora-clang