CRAN Package Check Results for Package confSAM

Last updated on 2024-03-02 16:54:42 CET.

Flavor Version Tinstall Tcheck Ttotal Status Flags
r-devel-linux-x86_64-debian-clang 0.2 2.16 25.47 27.63 NOTE
r-devel-linux-x86_64-debian-gcc 0.2 1.74 19.47 21.21 NOTE
r-devel-linux-x86_64-fedora-clang 0.2 35.20 NOTE
r-devel-linux-x86_64-fedora-gcc 0.2 115.19 NOTE
r-devel-windows-x86_64 0.2 4.00 40.00 44.00 NOTE
r-patched-linux-x86_64 0.2 2.24 24.80 27.04 NOTE
r-release-linux-x86_64 0.2 2.41 24.39 26.80 NOTE
r-release-macos-arm64 0.2 39.00 NOTE
r-release-macos-x86_64 0.2 69.00 NOTE
r-release-windows-x86_64 0.2 5.00 44.00 49.00 NOTE
r-oldrel-macos-arm64 0.2 35.00 NOTE
r-oldrel-windows-x86_64 0.2 4.00 45.00 49.00 NOTE

Check Details

Version: 0.2
Check: LazyData
Result: NOTE 'LazyData' is specified without a 'data' directory Flavors: r-devel-linux-x86_64-debian-clang, r-devel-linux-x86_64-debian-gcc, r-devel-linux-x86_64-fedora-clang, r-devel-linux-x86_64-fedora-gcc, r-devel-windows-x86_64, r-patched-linux-x86_64, r-release-linux-x86_64, r-release-macos-arm64, r-release-macos-x86_64, r-release-windows-x86_64, r-oldrel-macos-arm64, r-oldrel-windows-x86_64