CRAN Package Check Results for Package cond

Last updated on 2024-02-24 04:58:39 CET.

Flavor Version Tinstall Tcheck Ttotal Status Flags
r-devel-linux-x86_64-debian-clang 1.2-3.1 10.01 89.60 99.61 NOTE
r-devel-linux-x86_64-debian-gcc 1.2-3.1 8.12 67.85 75.97 NOTE
r-devel-linux-x86_64-fedora-clang 1.2-3.1 122.83 NOTE
r-devel-linux-x86_64-fedora-gcc 1.2-3.1 132.69 NOTE
r-devel-windows-x86_64 1.2-3.1 8.00 97.00 105.00 NOTE
r-patched-linux-x86_64 1.2-3.1 10.61 89.94 100.55 NOTE
r-release-linux-x86_64 1.2-3.1 9.62 89.16 98.78 NOTE
r-release-macos-arm64 1.2-3.1 47.00 NOTE
r-release-macos-x86_64 1.2-3.1 79.00 NOTE
r-release-windows-x86_64 1.2-3.1 12.00 109.00 121.00 NOTE
r-oldrel-macos-arm64 1.2-3.1 42.00 OK
r-oldrel-windows-x86_64 1.2-3.1 12.00 109.00 121.00 OK

Check Details

Version: 1.2-3.1
Check: Rd files
Result: NOTE checkRd: (-1) babies.Rd:35: Escaped LaTeX specials: \& Flavors: r-devel-linux-x86_64-debian-clang, r-devel-linux-x86_64-debian-gcc, r-devel-linux-x86_64-fedora-clang, r-devel-linux-x86_64-fedora-gcc, r-devel-windows-x86_64, r-patched-linux-x86_64, r-release-linux-x86_64, r-release-macos-arm64, r-release-macos-x86_64, r-release-windows-x86_64