CRAN Package Check Results for Package concordance

Last updated on 2020-06-02 03:47:45 CEST.

Flavor Version Tinstall Tcheck Ttotal Status Flags
r-devel-linux-x86_64-debian-clang 2.0.0 11.94 59.43 71.37 OK
r-devel-linux-x86_64-debian-gcc 2.0.0 11.21 45.94 57.15 OK
r-devel-linux-x86_64-fedora-clang 2.0.0 95.02 NOTE
r-devel-linux-x86_64-fedora-gcc 2.0.0 85.72 NOTE
r-devel-windows-ix86+x86_64 2.0.0 34.00 77.00 111.00 OK
r-patched-linux-x86_64 2.0.0 12.29 58.43 70.72 OK
r-patched-solaris-x86 2.0.0 123.00 NOTE
r-release-linux-x86_64 2.0.0 11.16 57.86 69.02 OK
r-release-osx-x86_64 2.0.0 NOTE
r-release-windows-ix86+x86_64 2.0.0 23.00 74.00 97.00 OK
r-oldrel-osx-x86_64 2.0.0 NOTE
r-oldrel-windows-ix86+x86_64 2.0.0 21.00 74.00 95.00 OK

Check Details

Version: 2.0.0
Check: data for non-ASCII characters
Result: NOTE
     Note: found 92 marked UTF-8 strings
Flavors: r-devel-linux-x86_64-fedora-clang, r-devel-linux-x86_64-fedora-gcc, r-patched-solaris-x86, r-release-osx-x86_64, r-oldrel-osx-x86_64