CRAN Package Check Results for Package compareMCMCs

Last updated on 2024-03-01 16:49:16 CET.

Flavor Version Tinstall Tcheck Ttotal Status Flags
r-devel-linux-x86_64-debian-clang 0.5.0 10.48 206.38 216.86 OK
r-devel-linux-x86_64-debian-gcc 0.5.0 8.26 150.95 159.21 OK
r-devel-linux-x86_64-fedora-clang 0.5.0 270.21 OK
r-devel-linux-x86_64-fedora-gcc 0.5.0 273.17 OK
r-devel-windows-x86_64 0.5.0 9.00 166.00 175.00 OK
r-patched-linux-x86_64 0.5.0 11.18 200.70 211.88 OK
r-release-linux-x86_64 0.5.0 9.77 200.71 210.48 OK
r-release-macos-arm64 0.5.0 66.00 OK
r-release-macos-x86_64 0.5.0 103.00 NOTE
r-release-windows-x86_64 0.5.0 12.00 202.00 214.00 OK
r-oldrel-macos-arm64 0.5.0 70.00 OK
r-oldrel-windows-x86_64 0.5.0 13.00 191.00 204.00 OK

Check Details

Version: 0.5.0
Check: package dependencies
Result: NOTE Package suggested but not available for checking: ‘rstan’ Flavor: r-release-macos-x86_64