CRAN Package Check Results for Package compareDF

Last updated on 2020-08-13 15:50:58 CEST.

Flavor Version Tinstall Tcheck Ttotal Status Flags
r-devel-linux-x86_64-debian-clang 2.2.0 0.47 2.27 2.74 ERROR
r-devel-linux-x86_64-debian-gcc 2.2.0 2.95 34.52 37.47 OK
r-devel-linux-x86_64-fedora-clang 2.2.0 66.04 NOTE
r-devel-linux-x86_64-fedora-gcc 2.2.0 85.55 NOTE
r-devel-windows-ix86+x86_64 2.2.0 19.00 52.00 71.00 OK
r-patched-linux-x86_64 2.2.0 4.46 44.02 48.48 OK
r-patched-solaris-x86 2.2.0 83.40 NOTE
r-release-linux-x86_64 2.2.0 4.06 43.86 47.92 OK
r-release-macos-x86_64 2.2.0 NOTE
r-release-windows-ix86+x86_64 2.2.0 16.00 83.00 99.00 OK
r-oldrel-macos-x86_64 2.2.0 NOTE
r-oldrel-windows-ix86+x86_64 2.2.0 8.00 56.00 64.00 OK

Check Details

Version: 2.2.0
Check: package dependencies
Result: ERROR
    Package required but not available: 'tidyr'
    
    See section 'The DESCRIPTION file' in the 'Writing R Extensions'
    manual.
Flavor: r-devel-linux-x86_64-debian-clang

Version: 2.2.0
Check: dependencies in R code
Result: NOTE
    Namespace in Imports field not imported from: ‘magrittr’
     All declared Imports should be used.
Flavors: r-devel-linux-x86_64-fedora-clang, r-devel-linux-x86_64-fedora-gcc, r-patched-solaris-x86, r-release-macos-x86_64, r-oldrel-macos-x86_64